{"id":288,"date":"2019-10-29T23:12:06","date_gmt":"2019-10-29T23:12:06","guid":{"rendered":"http:\/\/www.marynalavrenyuk.art\/?page_id=288"},"modified":"2021-12-27T22:51:01","modified_gmt":"2021-12-27T22:51:01","slug":"moegliche-ansatzbereiche-der-kunsttherapie","status":"publish","type":"page","link":"http:\/\/www.marynalavrenyuk.art\/?page_id=288","title":{"rendered":"Anwendungsbereiche"},"content":{"rendered":"\n<figure class=\"wp-block-image size-large is-style-default\"><img loading=\"lazy\" decoding=\"async\" width=\"1024\" height=\"683\" src=\"http:\/\/www.marynalavrenyuk.art\/wp-content\/uploads\/2021\/12\/P3-1024x683.jpg\" alt=\"\" class=\"wp-image-762\" srcset=\"http:\/\/www.marynalavrenyuk.art\/wp-content\/uploads\/2021\/12\/P3-1024x683.jpg 1024w, http:\/\/www.marynalavrenyuk.art\/wp-content\/uploads\/2021\/12\/P3-300x200.jpg 300w, http:\/\/www.marynalavrenyuk.art\/wp-content\/uploads\/2021\/12\/P3-768x512.jpg 768w, http:\/\/www.marynalavrenyuk.art\/wp-content\/uploads\/2021\/12\/P3.jpg 1426w\" sizes=\"auto, (max-width: 706px) 89vw, (max-width: 767px) 82vw, 740px\" \/><\/figure>\n\n\n\n<p><strong>M\u00f6gliche Anwendungsbereiche der Kunsttherapie<\/strong><\/p>\n\n\n\n<ul class=\"wp-block-list\"><li> Selbserfahrung<\/li><li>F\u00f6rderung von Achtsamkeit<\/li><li>Stressbew\u00e4ltigung \u2013 Entspannungsf\u00f6rderung<\/li><li>allgemeine Lebensbew\u00e4ltigung<\/li><li> Emotionen einen Ausdruck verleihen<\/li><li> Biografisches Arbeiten<\/li><li>Ziel-, Sinnfindung, Neuorientierung im Bezug auf Zukunftsgestaltung  <\/li><li>Konfliktbew\u00e4ltigung (innere Konflikte, Konflikte mit Kollegen, in der Partnerschaft, mit Kindern, Eltern, Freunden etc.)<\/li><li>Angstbew\u00e4ltigung<\/li><\/ul>\n","protected":false},"excerpt":{"rendered":"<p>M\u00f6gliche Anwendungsbereiche der Kunsttherapie Selbserfahrung F\u00f6rderung von Achtsamkeit Stressbew\u00e4ltigung \u2013 Entspannungsf\u00f6rderung allgemeine Lebensbew\u00e4ltigung Emotionen einen Ausdruck verleihen Biografisches Arbeiten Ziel-, Sinnfindung, Neuorientierung im Bezug auf Zukunftsgestaltung Konfliktbew\u00e4ltigung (innere Konflikte, Konflikte mit Kollegen, in der Partnerschaft, mit Kindern, Eltern, Freunden etc.) Angstbew\u00e4ltigung<\/p>\n","protected":false},"author":2,"featured_media":0,"parent":0,"menu_order":0,"comment_status":"closed","ping_status":"closed","template":"","meta":{"footnotes":""},"class_list":["post-288","page","type-page","status-publish","hentry"],"_links":{"self":[{"href":"http:\/\/www.marynalavrenyuk.art\/index.php?rest_route=\/wp\/v2\/pages\/288","targetHints":{"allow":["GET"]}}],"collection":[{"href":"http:\/\/www.marynalavrenyuk.art\/index.php?rest_route=\/wp\/v2\/pages"}],"about":[{"href":"http:\/\/www.marynalavrenyuk.art\/index.php?rest_route=\/wp\/v2\/types\/page"}],"author":[{"embeddable":true,"href":"http:\/\/www.marynalavrenyuk.art\/index.php?rest_route=\/wp\/v2\/users\/2"}],"replies":[{"embeddable":true,"href":"http:\/\/www.marynalavrenyuk.art\/index.php?rest_route=%2Fwp%2Fv2%2Fcomments&post=288"}],"version-history":[{"count":5,"href":"http:\/\/www.marynalavrenyuk.art\/index.php?rest_route=\/wp\/v2\/pages\/288\/revisions"}],"predecessor-version":[{"id":763,"href":"http:\/\/www.marynalavrenyuk.art\/index.php?rest_route=\/wp\/v2\/pages\/288\/revisions\/763"}],"wp:attachment":[{"href":"http:\/\/www.marynalavrenyuk.art\/index.php?rest_route=%2Fwp%2Fv2%2Fmedia&parent=288"}],"curies":[{"name":"wp","href":"https:\/\/api.w.org\/{rel}","templated":true}]}}